3. What is x(1)?
-8
Let m(k) = k**2 - k - 2. Let f(b) = -b**3 - 5*b**2 - 4*b + 2. Let u be f(-4). What is m(u)?
0
Let w be 722/133 + 4/7. Let t(k) = -k**2 + 8*k - 5. What is t(w)?
7
Let s = 4 - -2. Suppose -3*i + s*i = 0. Let m(k) = k**3 - 4*k**2 - 14. Let p(o) = o**3 - 3*o**2 - 13. Let g(y) = -4*m(y) + 5*p(y). Calculate g(i).
-9
Let t(y) = 2*y + 2. Let q(k) = 15*k**2 + 2*k - 1. Let o be q(1). Let c = o - 10. Suppose 0 = 4*i - x - 3*x, 0 = -2*x - c. What is t(i)?
-4
Let s(t) = 4*t - 3*t - 2*t + 4 - 2*t. Let n(l) = 2*l**2 - 7*l + 9. Let f be n(2). Give s(f).
-5
Let n(z) = z**3 - 2*z**2 - 2*z + 1. Let w = -5 - -3. Let y(k) = k - 1. Let f(s) = -1. Let i(u) = 9*f(u) - 4*y(u). Let c be i(w). Calculate n(c).
4
Let k(h) = h**2 - h. Suppose -14 = -4*z - 10. Give k(z).
0
Suppose -3 = -3*k, 4*k - 2 + 4 = o. Let a(d) be the first derivative of -2*d**2 - d**2 - o*d + 2*d**2 - 1. Determine a(-4).
2
Let q(w) = -w + 1. Let y be 0/(-1 + 2)*1. Suppose 5*c = 0, y = 4*j + j - 2*c - 25. Suppose 5*x - j = -15. Calculate q(x).
3
Let s(n) = -3 + 5 + 7 - n**2 - n. Suppose 5*m = -o + 20, 2*m = o + 3*m - 4. What is s(o)?
9
Let n(b) = b**2 + b. Suppose -m = m + 6. Determine n(m).
6
Let q(w) = 12 - 13*w + 5*w + 9*w. Give q(-5).
7
Let t(f) = -f**3 - 6*f**2 + 3. Let b be t(-6). Let w(x) = -8*x - 6 - x**2 + 3*x**2 + x**b + 3*x**2. What is w(-6)?
6
Suppose -5*s - 14 - 1 = 0. Let z(u) be the second derivative of u**3/3 + u**2 + u. Determine z(s).
-4
Let a(n) be the third derivative of -n**6/120 - n**5/15 + n**4/24 + n**2. Suppose -56 = 18*w - 2. Determine a(w).
-12
Let z(g) be the second derivative of g**2 - g - 1/3*g**3 + 0. Let v(a) = a**3 - 10*a**2 + a - 13. Let k be v(10). Give z(k).
8
Let p(i) = i + 3. Let k = -4 - 1. What is p(k)?
-2
Let f = -4 - -5. Let y(q) = -3*q**2 + 7 + 8*q**2 - f + 3*q**3 + 6*q - 4*q**3. Give y(6).
6
Let t(n) = 11 + 19 - 48 + 14 - 3*n. Give t(6).
-22
Let n(a) = 9*a**2 - 10*a - 1. Let u(k) = -5*k**2 + 5*k. Let w(x) = 4*n(x) + 7*u(x). Determine w(5).
-4
Let k(p) be the third derivative of -p**6/360 - p**5/120 - p**4/12 - 2*p**2. Let z(b) be the second derivative of k(b). Suppose i = -3*i + 4. Calculate z(i).
-3
Let d(p) = -p + 4. Let y be 56/(-3)*18/(-12). Let m = -22 + y. Calculate d(m).
-2
Let d(b) = 1 + 70*b - 69*b - 3. Calculate d(-4).
-6
Let v(c) = -c**3 + 7*c**2 - 4*c - 1. Suppose -3*j + 29 = 11. What is v(j)?
11
Let f(i) = -6*i**2 + 6*i + 2. Let y(w) = -5*w**2 + 5*w + 2. Let z(o) = -4*f(o) + 5*y(o). Let g be (28/12)/(2/12). Let s be ((-4)/g)/((-3)/21). What is z(s)?
0
Let s(d) = d. Let m(k) = 9*k + 1. Let w(f) = -m(f) + 6*s(f). Determine w(-1).
2
Let l(x) = -2*x - 3*x**3 + 1 - 7*x**3 + 0. Let m = -7 + 11. Suppose -1 = -m*b + 3*b. Determine l(b).
-11
Let u(x) = 3*x**2 - 4*x + 1. Let l(a) = 6*a**2 - 7*a + 2. Let f(j) = 3*l(j) - 5*u(j). What is f(1)?
3
Let p(g) be the first derivative of g**2/2 - 2*g - 5. Let l(y) = y**2 + 2*y - 1. Let z be l(-3). Let c be (0 - -3 - z) + -7. Calculate p(c).
-8
Let p be ((-6)/4)/((-2)/(-4)). Let l(u) = -2 - 1 - 22*u + 1 + 20*u. Give l(p).
4
Let s(x) = 2*x + 10. Let u(d) = -d - 5. Let q(r) = -6*s(r) - 13*u(r). Calculate q(-3).
2
Let s(j) = j**3 + 5*j**2 - 4*j + 8. Let z(k) = -k**2 - 3*k - 2. Let n be z(-4). Determine s(n).
-4
Let v(y) = y - 1. Let g(m) = -m - 2. Let t(r) = -g(r) - 3*v(r). Let i(d) = 5*d - 186. Let x be i(38). Calculate t(x).
-3
Let k(q) be the first derivative of 0*q + 1/2*q**2 + 8/3*q**3 + 2. Let y be 3*(0 - 2/6). What is k(y)?
7
Suppose -3*y + 7 = 1. Let a(u) = -u**3 + 0 + 4*u + 1 + 3*u**y - 4 - 1. Give a(4).
-4
Let d(k) = -5*k**2 - 59*k - k**3 - 6*k**2 + 50*k + 7. Calculate d(-10).
-3
Let s(t) = t**3 + t**2 - 2*t - 1. Let q = 0 - -1. Suppose p = -q + 3. Let x be (-3 + 2)/(p/2). Calculate s(x).
1
Let r = -31 - -18. Let y = r + 18. Let b(l) = l**3 - l. Let x(g) = 4*g**3 - 4*g**2 - 5*g - 7. Let z(k) = 3*b(k) - x(k). Give z(y).
-8
Suppose -m + 5 = -5*s, 7*m - s - 15 = 4*m. Let t(x) = 6*x - 5. Let k(i) = -7*i + 6. Let z(a) = m*k(a) + 6*t(a). Let w(l) = l - 4. Let f be w(0). Calculate z(f).
-4
Let k = -1 - 1. Let b = k - -3. Let j(f) = -b + 1 - 1 - 2*f. Calculate j(-5).
9
Let s(j) = -j**2 - 3*j + 2. Let w = -2 - 1. Let p be s(w). Let v(i) = 4*i**3 + 0 + 2 + 3*i**2 - 4*i - 5*i**3. Give v(p).
-2
Let r(p) = 3*p + 7. Let w be 1*-3 + (0 - 2). Calculate r(w).
-8
Let n(d) = d - 1. Let t(y) = y - 1. Let q be t(6). Let f be 24/(-10) - (-2)/q. Determine n(f).
-3
Let z(o) = o**2 - o + 1. Let x(a) = -5*a**2 + 2*a - 7. Suppose -21 + 3 = -3*g. Let n(y) = g*z(y) + x(y). Calculate n(2).
-5
Let r(p) = -8 + 17 + 3*p + 0*p - 4*p. Determine r(8).
1
Let a be (-15)/20 + 14/8. Let n(i) = 2*i**2 + 5*i - 6. Let b = -1 - -5. Let o(v) = 2*v**2 + 4*v - 5. Let l(w) = b*n(w) - 5*o(w). Calculate l(a).
-1
Suppose 0 = -3*a + 4*q + 22, -2*a - q + 6*q = -24. Let j(t) be the third derivative of -3*t**a + 1/24*t**4 + 0*t + 1/2*t**3 + 0. Give j(5).
8
Let b(r) = -12*r. Let p(f) = -f. Let j(g) = -g**2 + 5*g + 5. Let h be j(6). Let a(t) = h*b(t) + 16*p(t). Calculate a(-2).
8
Let b = -18 + 13. Let i(l) = -l**3 + 7*l**2 - 3*l - 8. Let h be i(6). Let z = b + h. Let q(f) = -f. Calculate q(z).
-5
Let p(b) = -b**2 - 6*b - 4. Suppose 0 = 5*v + 3*m + 45, -5*m - 2 = -3*v + 5. Give p(v).
-4
Let f(t) = -t**3 + 2*t**2 + 2. Let z = -9 - -16. Suppose 2*d - 3*s - 2*s = 33, 3 = -3*d - 3*s. Let o = z - d. Calculate f(o).
-7
Let v(o) be the first derivative of o**3/3 - 5*o**2/2 + 2*o - 20. What is v(2)?
-4
Suppose -2*o - 3*o + 20 = 0. Suppose 4*w - 3*w = o. Let q(f) = f + 1. Determine q(w).
5
Let g = 3 - 0. Let h(t) be the third derivative of 1/2*t**3 - t**2 + 0*t + 1/12*t**4 + 0 - 1/60*t**5. Calculate h(g).
0
Let u(a) = -a**3 + a**2 + 9*a - 8. Let q(b) = b**2 + b. Let x(j) = -6*q(j) + u(j). What is x(-6)?
10
Let x(d) = -d + 1. Let c(o) be the third derivative of o**4/8 - o**3/2 + 2*o**2. Let y(k) = -6*c(k) - 17*x(k). Let j = 8 + -13. What is y(j)?
6
Suppose 10 = -d + 5. Let t(w) = -w**2 - 4*w + 5. Calculate t(d).
0
Let n(q) = 87*q + 80*q - 165*q + 1 - q**2. Calculate n(4).
-7
Let w(c) = -2*c**2 - 3*c + 6. Let b(l) = l**2 - 1. Let y(f) = -b(f) - w(f). What is y(-4)?
-1
Let m = 2 + 1. Let k(b) = 0 - b - m*b + 0. Determine k(-1).
4
Let w = -1 - -5. Let s = w - 3. Let h(a) = 3*a + 1. Calculate h(s).
4
Let p(s) = s**3 - 3 + 2*s - 3*s**2 + 7*s**2 + s**2. Determine p(-3).
9
Let q = -6 + 13. Let x = q + -11. Let l(s) = s**3 + 3*s**2 - 2*s + 4. Determine l(x).
-4
Let n be (6/(-5))/((-15)/50). Suppose n*h + 17 + 11 = 0. Let p = 5 + h. Let u(m) = m - 1. Calculate u(p).
-3
Let c = 1 - -3. Suppose 5*i + 12 = -m, 2*m - c*i = -3*m - 2. Let l(h) = -2*h + 1 - 2*h**3 + 0*h - 4*h**2 + 0*h**3. Give l(m).
5
Suppose 20 = 2*c + 3*q, -2*c - 3*c = -5*q. Let z(b) = -c*b**2 - b**2 + b**2 - 1 - 2*b. What is z(-1)?
-3
Suppose -m = m - 12. Let o(z) = -5 + m + 4*z + 1. Calculate o(-2).
-6
Let d(q) = q**3 + 3*q**2 - 4*q + 4. Let u be d(-4). Suppose -4*z + 2*a + 22 = -9*z, -12 = 4*z - u*a. Let f(l) = -2*l + 2. Calculate f(z).
10
Let g(n) = 3*n**3 + 4*n**2 - 2*n - 20. Let t(v) = -v**3 - v**2 + v + 7. Let q(p) = 4*g(p) + 11*t(p). Give q(-3).
6
Let z = -45 + 50. Let j(v) be the third derivative of 3*v**2 + 0*v + 1/120*v**6 + 0 + 2/3*v**3 + 1/6*v**4 + 1/20*v**z. What is j(-3)?
-8
Let p(w) = -w**3 + 3*w + 3. Suppose 0*v + 2*v + 14 = -4*i, -4*v - 4*i - 8 = 0. Calculate p(v).
-15
Let y(w) = 3*w - 7*w - 3 + 25*w**2 - 24*w**2. Give y(6).
9
Suppose -t = t + 2. Let n be 1/t + -1 + -2. Let r(p) be the third derivative of p**4/12 + p**3/2 - 6*p**2. Determine r(n).
-5
Suppose -5*j - 7 = 8. Let u(o) be the third derivative of 2*o**2 + 0 + 0*o + 1/60*o**5 + 1/6*o**4 + 0*o**3. Determine u(j).
-3
Suppose 2*w - 8 = -0*w. Let r be (w/(-10))/(7/35). Let k(t) be the third derivative of -t**4/12 - t**3/2 + t**2. Give k(r).
1
Let v(q) = -q**2 - q + 1. Let a(h) = 12*h - 74. Let j be a(6). Give v(j).
-1
Let g(h) = 3*h**2 + h + 1. Suppose t + t = 10. Let l be -7 + 6 - (-1 - t). Suppose 8*i = 3*i - l. What is g(i)?
3
Let k(n) = -n**3 + n**2 - n + 5. Let d(c) = -c**2 - 5*c - 1. Let s be d(-4). Let y(o) = -1 + o - s*o - 1 + o. Let f be y(-2). What is k(f)?
5
Suppose -4*l + 5*h - 12 = 0, -4*l + 3*h - 7 = -3. Let p = 6 + -5. Let g be 4 + p*-1*l. Let r(a) = -3*a. What is r(g)?
-6
Let l(k) = k + 3. Let s(o) = -o - 4. 